31
Let j be (-12)/(-42) - 4/14. List the prime factors of 206/4*(j - -18).
3, 103
Suppose 4*i - 53470 = 2*k, 23*i - 27*i - 2*k + 53490 = 0. List the prime factors of i.
2, 5, 7, 191
Let r = 172 - 171. Let w(l) = 325*l**2 - 3*l - 1. List the prime factors of w(r).
3, 107
Let l be (-84)/36*9/(-1). Let u(s) = s**3 - 20*s**2 - 7*s + 13. What are the prime factors of u(l)?
307
Let b(c) be the second derivative of 5*c**4/3 + c**3/3 + 7*c**2 - 59*c. What are the prime factors of b(-4)?
2, 163
Suppose -4*l - 2*k + 36 = 0, 21 = 4*l - k - 21. Suppose 0 = l*i - 29*i + 6821. What are the prime factors of i?
359
Let t = -465 + 245. Let r = -107 - t. What are the prime factors of r?
113
Let h be 421/(2/(5 + -4) - 1). Suppose h + 834 = 5*n. What are the prime factors of n?
251
Let g = -17 - -127. Suppose -g*q + 681 = -107*q. List the prime factors of q.
227
List the prime factors of 1246068/21 + (-624)/(-1456).
3, 19, 347
Let b = 8443 - 4720. List the prime factors of b.
3, 17, 73
Let c(x) = -4*x**2 + 12*x + 2. Let n be 3*(2 - (-5)/(-1)). Let d be c(n). Let i = -284 - d. List the prime factors of i.
2, 73
Let t(j) be the second derivative of -55*j**3/3 + 5*j**2 - 75*j. What are the prime factors of t(-7)?
2, 3, 5, 13
Suppose -3*g - 5*r + 8 = 0, -5*g + 18 - 22 = 4*r. What are the prime factors of (-684)/(-2) + ((-80)/g)/5?
2, 173
Suppose 15 = 4*s + 3*i, -4*s = -7*s - i + 5. Suppose s = -278*t + 276*t + 646. What are the prime factors of t?
17, 19
Let i = 46682 - 30214. List the prime factors of i.
2, 23, 179
Suppose 604651 = 99*m - 287834. List the prime factors of m.
3, 5, 601
Let b(i) = 5*i - 10. Let x = 59 + -55. Let t be b(x). Suppose -5*u - 12*a + 1322 = -11*a, -5*a + t = 0. What are the prime factors of u?
2, 3, 11
Let x be (-65)/(-13) - (0 - -1). Suppose 5*o + x*y - 963 = 96, 2*o - 423 = -y. What are the prime factors of o?
211
Suppose 0 = -2*p - 2*u + 54, 3*p - p - 4*u - 78 = 0. Let v = p + 221. What are the prime factors of v?
2, 3, 7
Suppose 4*g - 7204 = -12*o, -23*o - 4 = -19*o. List the prime factors of g.
2, 11, 41
Let v = -68 - -45. Let n = -23 - v. Suppose n = 8*s - 11*s + 372. What are the prime factors of s?
2, 31
Let t(c) = -279*c + 325. Let h be t(-6). Suppose 59*s = w + 56*s - h, 3*w + 4*s = 5958. List the prime factors of w.
2, 5, 199
Suppose -995*a = -1006*a + 24475. What are the prime factors of a?
5, 89
Let u(g) be the first derivative of g**4/4 - g**3 + g**2/2 + 3*g + 42. Let z be u(2). What are the prime factors of (11 - z - -2)/((-2)/(-24))?
2, 3
Let k(h) = 10*h**3 + 30*h**2 + 22*h - 24. Let l(a) = 7*a**3 + 29*a**2 + 23*a - 25. Let f(i) = 2*k(i) - 3*l(i). List the prime factors of f(-27).
2, 3, 13
Suppose -6*f - 373 + 385 = 0. Suppose 4*m - 1481 = 5*b, 0*m + 3*b = f*m - 741. What are the prime factors of m?
3, 41
Let a(q) = 41*q + 58. Let v be a(15). Suppose 0 = 3*d - 2*i - 977, 2*d + 2*i - v = -i. What are the prime factors of d?
7, 47
Let t = 132319 - 75354. List the prime factors of t.
5, 11393
Let r(h) = h**2 - h + 7. Let q be r(0). Let z be 45/(-6)*17472/(-80). Suppose q*c - z = -588. List the prime factors of c.
2, 3, 5
Let s be 6*(-2545)/(-15)*2. Suppose 4*i - a = s, 0 = 4*i + 2*a - 5*a - 2028. What are the prime factors of i?
2, 3, 5, 17
Let r(j) = -2*j - 24. Let f be r(-14). Let g be f - (-1 - 1) - 3. What are the prime factors of -1*(3 + (-73 - g))?
73
Let c = 57 - 23. Let q = 38 - c. Suppose 3*r - 6*i + q*i = 21, 0 = 4*i. What are the prime factors of r?
7
Suppose -y - 21 = -2*y + 4*q, -3*y + 39 = -4*q. Suppose y + 48 = -t. Let k = 24 - t. What are the prime factors of k?
3
Let l(x) = x**2 + 22*x - 18. Let y be l(-23). Suppose 10 = y*d, -d - 230 = -b - 6*d. What are the prime factors of b?
2, 5, 11
Let y(a) = -383*a + 1838. What are the prime factors of y(0)?
2, 919
Suppose -3*y + 2*m = -5, y = -3*y - 3*m + 35. Suppose 2*h = 5*c - 8 - 5, -y*h = c - 8. Suppose 2*z + c*t + 45 = 6*z, -t + 1 = 0. List the prime factors of z.
2, 3
Let c be ((-32)/(-20))/((-12)/3150). Let r = 13 - c. What are the prime factors of r?
433
Suppose 2*d = 3*l - 3897, -5*l + l - 2*d = -5196. Let o = l - 655. What are the prime factors of o?
2, 7, 23
List the prime factors of (29/(-5) - -5)*((-24239)/2 - -2).
2, 37, 131
Suppose -4*v = 2*c - 66048, 10*v = 9*v + 5*c + 16512. List the prime factors of v.
2, 3, 43
Suppose -4*w - 3*q = -6466, 23*q - 19*q = 5*w - 8036. What are the prime factors of w?
2, 13, 31
Let m(z) = -z**3 - 12*z**2 - 5*z + 8. Let b(u) = u**2 + 7*u - 2. Let p be 152/(-28) - (-3)/7. Let x be b(p). What are the prime factors of m(x)?
2, 17
Let m(q) = 2*q - 8. Let a be m(6). Let l be 4/6*(-4)/(12/(-9)). Suppose -a*f + l*f = -142. List the prime factors of f.
71
Suppose 3*c = -5*o - 3495, 3*c = -0*c. Let m = o + 1350. What are the prime factors of m?
3, 7, 31
Suppose -5*a = m - 12 - 2, 5*m + 17 = 4*a. Let z be 10 + -4 + (1 - m)/(-2). Suppose -242 = -z*k - 0*k + 3*v, v = 3*k - 146. What are the prime factors of k?
7
Let z be (-5 - (0 + 0)) + -4. Let t = -14 - z. List the prime factors of (-1024)/t + -2 + 8/40.
7, 29
Let o = 15856 + -9357. What are the prime factors of o?
67, 97
Suppose -255 = -5*q + 4*d + 676, -3*q + 561 = -3*d. Let y be -3 - -2 - (-41)/(-1). Let s = y + q. What are the prime factors of s?
3, 47
Suppose -210517 - 458813 = -18*u. What are the prime factors of u?
3, 5, 37, 67
Let r = -129 - -131. Suppose -5*p + 939 = r*v, v + 5*p - 97 - 375 = 0. What are the prime factors of v?
467
Suppose 11 - 29 = -4*g + 2*d, -4*d - 9 = g. Suppose 2*f - 1201 = -s + 476, 0 = -g*f + 3. List the prime factors of s.
5, 67
Let d = -59 + 61. Suppose -4*a + 4*f - 4 = -2*a, -f = -d. Suppose a*j = -2*j + 12. List the prime factors of j.
3
Suppose -190*n - 281 = -191*n. Suppose 2*h + 103 - n = 0. List the prime factors of h.
89
Suppose -m + 6*w + 8356 = 4*w, 10 = -5*w. List the prime factors of ((-7)/2)/(-4*6/m).
2, 3, 7, 29
Let q(l) = -l**3 - 12*l**2 + 8*l - 24. Let c be q(-13). Suppose 4*p - 5*z - 893 = 0, 0 = 43*z - c*z + 10. What are the prime factors of p?
7, 31
Suppose 2*y + 93669 = 5*h - 1274, 0 = h + y - 18983. What are the prime factors of h?
3, 6329
Suppose 11*i - 8*i = -6. Let v be (-6 - -15)*i/((-12)/10). List the prime factors of (81/15 + -3)/(3/v).
2, 3
Suppose -10 = 879*p - 884*p. Suppose q - 4*v - 665 = 0, -p*v + 3*v - 3283 = -5*q. List the prime factors of q.
3, 73
Suppose 6*p - 1022 - 41312 = -4*d, 4*d - 42325 = -3*p. What are the prime factors of d?
71, 149
Suppose -395719 + 208719 = -112*q + 378264. What are the prime factors of q?
7, 103
Suppose 0 = -8*m + 3110 + 17730. Suppose 4*j + 0*b - 3*b - m = 0, j = -2*b + 643. List the prime factors of j.
11, 59
What are the prime factors of 0/(-27) + (3952 - 0)?
2, 13, 19
Suppose 46*h - 64*h = -72. List the prime factors of (0 + -38)/((-1)/h).
2, 19
Suppose j - 3*i - 213 - 9882 = 0, -2*j + 20195 = -5*i. What are the prime factors of j?
2, 3, 5, 337
Let v be (-24 + -7)/((-2)/(-2)). List the prime factors of (-8)/(-2) - 12710/v.
2, 3, 23
Let w = -3591 - -19576. What are the prime factors of w?
5, 23, 139
Let y be (-186420)/(-117)*(-12)/(-10). Suppose -l - 2846 = -3*q + 4*l, 2*q - y = -4*l. List the prime factors of q.
2, 7, 17
Let d = 10837 + 16343. List the prime factors of (4/(-12))/((-20)/d).
3, 151
Let l = -30465 - -46270. What are the prime factors of l?
5, 29, 109
What are the prime factors of (152 + (-192)/16)/(1/((-239)/(-2)))?
2, 5, 7, 239
What are the prime factors of (-1706)/(-4)*(445 - 395)?
5, 853
Let u be (24/15)/(429/(-430) + 1). Suppose -250 = 2*g - u. List the prime factors of g.
3, 73
Let o = -28 + 28. Suppose -870 = -5*x - 4*q, -q + o*q - 696 = -4*x. Suppose -3*w - 2*c = -w - x, -5*w = 3*c - 435. List the prime factors of w.
3, 29
Let p(m) = 27*m - 308. What are the prime factors of p(48)?
2, 13, 19
Suppose -49584 = 22*b - 28*b. Suppose 0 = 14*d + b - 24588. What are the prime factors of d?
2, 11, 53
Let x be (-6)/(-4)*6/(-9). Let r(n) = -103*n + 1. Let u be r(x). Suppose 3*p = 2*o - 133, -5*o - 4*p = -u - 263. List the prime factors of o.
71
What are the prime factors of (36100/3)/(154/231)?
2, 5, 19
Suppose -650*j = -608*j - 908796. What are the prime factors of j?
2, 31, 349
Let f(c) = -c**3 - 44*c**2 - 475*c - 77. What are the prime factors of f(-46)?
5, 7, 743
